{"id":2,"date":"2025-08-22T21:20:37","date_gmt":"2025-08-22T21:20:37","guid":{"rendered":"https:\/\/brc-associes.fr\/?page_id=2"},"modified":"2025-09-06T15:59:12","modified_gmt":"2025-09-06T15:59:12","slug":"mentions-legales","status":"publish","type":"page","link":"https:\/\/brc-associes.fr\/index.php\/mentions-legales\/","title":{"rendered":"Mentions l\u00e9gales"},"content":{"rendered":"<div class=\"fusion-fullwidth fullwidth-box fusion-builder-row-1 fusion-flex-container nonhundred-percent-fullwidth non-hundred-percent-height-scrolling\" style=\"--awb-border-radius-top-left:0px;--awb-border-radius-top-right:0px;--awb-border-radius-bottom-right:0px;--awb-border-radius-bottom-left:0px;--awb-flex-wrap:wrap;\" ><div class=\"fusion-builder-row fusion-row fusion-flex-align-items-flex-start fusion-flex-content-wrap\" style=\"max-width:1216.8px;margin-left: calc(-4% \/ 2 );margin-right: calc(-4% \/ 2 );\"><div class=\"fusion-layout-column fusion_builder_column fusion-builder-column-0 fusion_builder_column_1_1 1_1 fusion-flex-column\" style=\"--awb-bg-size:cover;--awb-width-large:100%;--awb-margin-top-large:0px;--awb-spacing-right-large:1.92%;--awb-margin-bottom-large:20px;--awb-spacing-left-large:1.92%;--awb-width-medium:100%;--awb-order-medium:0;--awb-spacing-right-medium:1.92%;--awb-spacing-left-medium:1.92%;--awb-width-small:100%;--awb-order-small:0;--awb-spacing-right-small:1.92%;--awb-spacing-left-small:1.92%;\"><div class=\"fusion-column-wrapper fusion-column-has-shadow fusion-flex-justify-content-flex-start fusion-content-layout-column\"><div class=\"fusion-text fusion-text-1\" style=\"--awb-content-alignment:center;--awb-font-size:35px;--awb-text-color:var(--awb-color7);--awb-text-font-family:&quot;Playfair Display&quot;;--awb-text-font-style:normal;--awb-text-font-weight:400;\"><p>Mentions l\u00e9gales<\/p>\n<\/div><\/div><\/div><div class=\"fusion-layout-column fusion_builder_column fusion-builder-column-1 fusion_builder_column_1_1 1_1 fusion-flex-column\" style=\"--awb-bg-size:cover;--awb-width-large:100%;--awb-margin-top-large:0px;--awb-spacing-right-large:1.92%;--awb-margin-bottom-large:0px;--awb-spacing-left-large:1.92%;--awb-width-medium:100%;--awb-spacing-right-medium:1.92%;--awb-spacing-left-medium:1.92%;--awb-width-small:100%;--awb-spacing-right-small:1.92%;--awb-spacing-left-small:1.92%;\"><div class=\"fusion-column-wrapper fusion-flex-justify-content-flex-start fusion-content-layout-column\"><div class=\"fusion-text fusion-text-2\" style=\"--awb-content-alignment:justify;--awb-text-color:var(--awb-color7);\"><\/p>\n<p style=\"color: var(--awb-color7); padding-left: 0px;\">Le pr\u00e9sent site web, accessible depuis l\u2019adresse URL https:\/\/brc-associes.fr (ci-apr\u00e8s, le \u00ab Site \u00bb), est \u00e9dit\u00e9 par la SELARL BRC &amp; Associ\u00e9s:<\/p>\n<p style=\"color: var(--awb-color7); padding-left: 0px;\"><b>1. IDENTIFICATION EDITEUR DU SITE<\/b><\/p>\n<p style=\"color: var(--awb-color7); padding-left: 0px;\">BRC &amp; Associ\u00e9s, Commissaires de justice associ\u00e9s, au capital de 150 000 euros<\/p>\n<p style=\"color: var(--awb-color7); padding-left: 0px;\">Forme juridique : SELARL (Soci\u00e9t\u00e9 d&rsquo;Exercice Lib\u00e9ral \u00e0 Responsabilit\u00e9 Limit\u00e9e)<\/p>\n<p style=\"color: var(--awb-color7); padding-left: 0px;\">RCS de Versailles, inscrit sous le num\u00e9ro 990 413 049<\/p>\n<p style=\"color: var(--awb-color7); padding-left: 0px;\">TVA INTRACOMMUNAUTAIRE : FR52990413049<\/p>\n<p style=\"color: var(--awb-color7); padding-left: 0px;\">Code APE : 6910Z (activit\u00e9s juridiques)<\/p>\n<p style=\"color: var(--awb-color7); padding-left: 0px;\">Si\u00e8ge social : 5 bis rue Sainte Sophie 78000 Versailles<\/p>\n<p style=\"color: var(--awb-color7); padding-left: 0px;\">T\u00e9l\u00e9phone : +33 (0)1 39 50 02 77 \u2013 Adresse mail :<\/p>\n<p>Les associ\u00e9s de la SELARL BRC &amp; Associ\u00e9s exercent la profession de commissaire de justice, chacun conform\u00e9ment \u00e0 un arr\u00eat\u00e9 de nomination rendu par le Garde des Sceaux, Ministre de la Justice. La profession de commissaire de justice est une profession r\u00e9glement\u00e9e issue de la fusion des professions d\u2019huissier de justice et de commissaire-priseur judiciaire (loi n\u00b02019-222 du 23 mars 2019 et ordonnance n\u00b02016-728 du 2 juin 2016).<\/p>\n<p>Le commissaire de justice est soumis aux r\u00e8gles professionnelles et d\u00e9ontologiques fix\u00e9es par :<\/p>\n<p>&#8211; Le Code de commerce et le Code des proc\u00e9dures civiles d\u2019ex\u00e9cution ;<\/p>\n<p>&#8211; L\u2019ordonnance n\u00b02016-728 du 2 juin 2016 relative au statut de commissaire de justice ;<\/p>\n<p>&#8211; La loi n\u00b02019-222 du 23 mars 2019 de programmation 2018-2022 et de r\u00e9forme pour la justice ;<\/p>\n<p>&#8211; Le d\u00e9cret n\u00b0 2023-1296 du 28 d\u00e9cembre 2023 relatif au code de d\u00e9ontologie des commissaires de justice<\/p>\n<p>La profession est repr\u00e9sent\u00e9e par une Chambre nationale des commissaires de justice (CNCJ), ainsi qu&rsquo;une chambre r\u00e9gionale fonction du ressort de comp\u00e9tence territoriale de l&rsquo;\u00e9tude. En l&rsquo;esp\u00e8ce, concernant la SELARL BRC &amp; Associ\u00e9s, la chambre r\u00e9gionale de commissaires de justice est celle de Versailles.<\/p>\n<p style=\"color: var(--awb-color7); padding-left: 0px;\"><b>2. DIRECTEUR DE LA PUBLICATION<\/b><\/p>\n<p style=\"color: var(--awb-color7); padding-left: 0px;\">Directeur de la publication du site : CAPITAN Anne-Laure, commissaire de justice associ\u00e9e, co-g\u00e9rant.<\/p>\n<p><span style=\"color: var(--awb-color7);\"><\/span><\/p>\n<p style=\"padding-left: 0px;\"><b>3. <span style=\"background-color: rgba(0, 0, 0, 0); color: var(--awb-color7);\">HEBERGEMENT DU SITE<\/span><\/b><\/p>\n<\/p>\n<p><span style=\"background-color: rgba(0, 0, 0, 0); color: var(--awb-color7);\"><\/span><\/p>\n<p style=\"padding-left: 0px;\">Soci\u00e9t\u00e9 OVH<\/p>\n<\/p>\n<p style=\"color: var(--awb-color7); padding-left: 0px;\">Si\u00e8ge social : 2 rue K<span style=\"color: var(--awb-color7);\">ellermann &#8211; 59100 Roubaix, France<\/span><\/p>\n<p style=\"color: var(--awb-color7); padding-left: 0px;\">T\u00e9l. +33 (0)8 99 70 17 61<\/p>\n<p style=\"color: var(--awb-color7); padding-left: 0px;\">www.ovh.com<\/p>\n<p><span style=\"background-color: rgba(0, 0, 0, 0); color: var(--awb-color7);\"><\/span><\/p>\n<p style=\"padding-left: 0px;\"><b style=\"color: var(--awb-color7);\">4. PROPRIETE INTELLECTUELLE<\/b><\/p>\n<\/p>\n<p><span style=\"background-color: rgba(0, 0, 0, 0); color: var(--awb-color7);\"><\/span><\/p>\n<p style=\"padding-left: 0px; color: var(--awb-color7);\">L\u2019ensemble des \u00e9l\u00e9ments pr\u00e9sents sur le pr\u00e9sent site, notamment les textes, images, graphismes, logos, vid\u00e9os, ic\u00f4nes, sons, ou tout autre \u00e9l\u00e9ment distinctif pr\u00e9sent sur ce site, sont prot\u00e9g\u00e9s par les lois en vigueur sur la propri\u00e9t\u00e9 intellectuelle.<\/p>\n<\/p>\n<p style=\"color: var(--awb-color7); padding-left: 0px;\">Sauf mention contraire, ces \u00e9l\u00e9ments sont la propri\u00e9t\u00e9 exclusive de SELARL BRC &amp; Associ\u00e9s.<\/p>\n<p style=\"color: var(--awb-color7); padding-left: 0px;\">Toute reproduction, repr\u00e9sentation, modification, publication, adaptation totale ou partielle des \u00e9l\u00e9ments du site, quel que soit le moyen ou le proc\u00e9d\u00e9 utilis\u00e9, est interdite sans l\u2019autorisation \u00e9crite pr\u00e9alable de SELARL BRC &amp; Associ\u00e9s.<\/p>\n<p style=\"color: var(--awb-color7); padding-left: 0px;\">Toute exploitation non autoris\u00e9e du site ou de l\u2019un de ses \u00e9l\u00e9ments, qu&rsquo;elle soit partielle ou totale, sera consid\u00e9r\u00e9e comme constitutive d\u2019une contrefa\u00e7on et poursuivie conform\u00e9ment aux dispositions des articles L.335-2 et suivants du Code de la Propri\u00e9t\u00e9 Intellectuelle.<\/p>\n<p><span style=\"background-color: rgba(0, 0, 0, 0); color: var(--awb-color7);\"><\/span><\/p>\n<p style=\"padding-left: 0px;\"><b style=\"color: var(--awb-color7);\">5. CONDITIONS GENERALES D&rsquo;UTILISATION (CGU)<\/b><\/p>\n<\/p>\n<p style=\"color: var(--awb-color7); padding-left: 0px;\">L\u2019utilisation du site BRC &amp; Associ\u00e9s implique l\u2019acceptation pleine et enti\u00e8re des conditions g\u00e9n\u00e9rales d\u2019utilisation ci-apr\u00e8s d\u00e9crites. Ces conditions sont susceptibles d\u2019\u00eatre modifi\u00e9es ou compl\u00e9t\u00e9es \u00e0 tout moment.<\/p>\n<p><span style=\"color: var(--awb-color7);\"><\/span><\/p>\n<p style=\"padding-left: 0px;\"><u><span style=\"color: var(--awb-color7);\">Acc\u00e8s au site<\/span><\/u><span style=\"color: var(--awb-color7);\"> :<\/span><span style=\"color: var(--awb-color7); background-color: rgba(0, 0, 0, 0);\"> <\/span><\/p>\n<\/p>\n<p style=\"color: var(--awb-color7); padding-left: 0px;\">Le site est accessible gratuitement en tout lieu, 7j\/7 et 24h\/24, sauf cas de force majeure, interruption technique ou maintenance. Le moyen d&rsquo;acc\u00e8s au site est \u00e0 la charge de l&rsquo;utilisateur eu \u00e9gard aux conditions de son fournisseur d&rsquo;acc\u00e8s.<\/p>\n<p><span style=\"color: var(--awb-color7);\"><\/span><\/p>\n<p style=\"padding-left: 0px;\"><u><span style=\"color: var(--awb-color7);\">Responsabilit\u00e9s<\/span><\/u><span style=\"color: var(--awb-color7);\"> :<\/span><\/p>\n<\/p>\n<p><span style=\"background-color: rgba(0, 0, 0, 0); color: var(--awb-color7);\"><\/span><\/p>\n<p style=\"padding-left: 0px; color: var(--awb-color7);\">&#8211; L\u2019\u00e9diteur du site ne pourra \u00eatre tenu responsable des dommages directs ou indirects caus\u00e9s au mat\u00e9riel de l\u2019utilisateur lors de l\u2019acc\u00e8s au site.<\/p>\n<\/p>\n<p><span style=\"background-color: rgba(0, 0, 0, 0); color: var(--awb-color7);\"><\/span><\/p>\n<p style=\"padding-left: 0px; color: var(--awb-color7);\">&#8211; L\u2019\u00e9diteur d\u00e9cline toute responsabilit\u00e9 quant aux contenus de ces sites externes.<\/p>\n<\/p>\n<p><span style=\"color: var(--awb-color7);\"><\/span><\/p>\n<p style=\"padding-left: 0px; color: var(--awb-color7);\">&#8211; L\u2019\u00e9diteur ne peut \u00eatre tenu responsable de d\u00e9fauts d&rsquo;affichage, panne, ou interruption de fonctionnement, emp\u00eachant l\u2019acc\u00e8s au site ou \u00e0 une de ses fonctionnalit\u00e9s.<\/p>\n<p><span style=\"background-color: rgba(0, 0, 0, 0); color: var(--awb-color7);\"><\/span><\/p>\n<p style=\"color: var(--awb-color7); padding-left: 0px;\">&#8211;  L&rsquo;\u00e9diteur se r\u00e9serve le droit de pouvoir modifier les pr\u00e9sentes mentions l\u00e9gales \u00e0 tout moment et sans pr\u00e9avis, sans que sa responsabilit\u00e9 ne puisse \u00eatre engag\u00e9e \u00e0 cet effet. Tout visiteur est invit\u00e9 \u00e0 les consulter r\u00e9guli\u00e8rement.<\/p>\n<p><span style=\"color: var(--awb-color7);\"><\/span><\/p>\n<p style=\"padding-left: 0px;\"><u><span style=\"color: var(--awb-color7);\">Obligations de l\u2019utilisateur<\/span><\/u><span style=\"color: var(--awb-color7);\"> : <\/span><\/p>\n<\/p>\n<p><span style=\"background-color: rgba(0, 0, 0, 0); color: var(--awb-color7);\"><\/span><\/p>\n<p style=\"padding-left: 0px; color: var(--awb-color7);\">&#8211; L\u2019utilisateur s\u2019engage \u00e0 fournir des informations exactes en remplissant le formulaire de contact mis \u00e0 sa disposition. <\/p>\n<\/p>\n<p><span style=\"background-color: rgba(0, 0, 0, 0); color: var(--awb-color7);\"><\/span><\/p>\n<p style=\"padding-left: 0px; color: var(--awb-color7);\">&#8211; L\u2019utilisateur s\u2019engage \u00e0 ne pas utiliser le site pour diffuser des propos illicites, diffamatoires ou contraires \u00e0 l\u2019ordre public.<\/p>\n<\/p>\n<p><span style=\"color: var(--awb-color7);\"><\/span><\/p>\n<p style=\"padding-left: 0px;\"><u><span style=\"color: var(--awb-color7);\">Modification des CGU<\/span><\/u><span style=\"color: var(--awb-color7);\"> : <\/span><\/p>\n<p style=\"padding-left: 0px;\"><span style=\"color: var(--awb-color7); background-color: rgba(0, 0, 0, 0);\">L\u2019\u00e9diteur du site se r\u00e9serve le droit de modifier \u00e0 tout moment les pr\u00e9sentes conditions. L\u2019utilisateur est invit\u00e9 \u00e0 les consulter r\u00e9guli\u00e8rement.<\/span><\/p>\n<\/p>\n<p style=\"color: var(--awb-color7); padding-left: 0px;\"><b>6. DONNEES PERSONNELLES <\/b><\/p>\n<p style=\"color: var(--awb-color7); padding-left: 0px;\">Le site propose un formulaire de contact permettant \u00e0 l\u2019utilisateur de communiquer avec l\u2019\u00e9diteur.<\/p>\n<p style=\"color: var(--awb-color7); padding-left: 0px;\">Les informations collect\u00e9es (nom, pr\u00e9nom, adresse e-mail, num\u00e9ro de t\u00e9l\u00e9phone) sont utilis\u00e9es uniquement pour r\u00e9pondre \u00e0 la demande de l\u2019utilisateur.<\/p>\n<p style=\"color: var(--awb-color7); padding-left: 0px;\">Ces donn\u00e9es ne sont ni stock\u00e9es \u00e0 des fins commerciales, ni transmises \u00e0 des tiers.<\/p>\n<p style=\"color: var(--awb-color7); padding-left: 0px;\">Conform\u00e9ment au R\u00e8glement G\u00e9n\u00e9ral sur la Protection des Donn\u00e9es (RGPD \u2013 r\u00e8glement UE 2016\/679), vous disposez d\u2019un droit d\u2019acc\u00e8s, de rectification, de suppression et d\u2019opposition concernant vos donn\u00e9es personnelles.<\/p>\n<p style=\"color: var(--awb-color7); padding-left: 0px;\">Pour exercer ce droit, vous pouvez adresser une demande \u00e0 : contact@brc-associes.fr<\/p>\n<p style=\"color: var(--awb-color7); padding-left: 0px;\">Les donn\u00e9es issues du formulaire de contact sont conserv\u00e9es uniquement pendant la dur\u00e9e n\u00e9cessaire au traitement de la demande.<\/p>\n<p style=\"color: var(--awb-color7); padding-left: 0px;\"><b>7. COOKIES<\/b><\/p>\n<p style=\"color: var(--awb-color7); padding-left: 0px;\">Le site n\u2019utilise pas de cookies \u00e0 des fins de suivi, de statistiques ou de publicit\u00e9.<\/p>\n<p style=\"color: var(--awb-color7); padding-left: 0px;\">Seuls des cookies strictement n\u00e9cessaires au fonctionnement technique du site peuvent \u00eatre utilis\u00e9s, lesquels ne requi\u00e8rent pas le consentement pr\u00e9alable de l\u2019utilisateur.<\/p><\/p>\n<\/div><\/div><\/div><\/div><\/div><div class=\"fusion-fullwidth fullwidth-box fusion-builder-row-2 fusion-flex-container has-pattern-background has-mask-background nonhundred-percent-fullwidth non-hundred-percent-height-scrolling\" style=\"--awb-border-radius-top-left:0px;--awb-border-radius-top-right:0px;--awb-border-radius-bottom-right:0px;--awb-border-radius-bottom-left:0px;--awb-flex-wrap:wrap;\" ><div class=\"fusion-builder-row fusion-row fusion-flex-align-items-flex-start fusion-flex-content-wrap\" style=\"max-width:1216.8px;margin-left: calc(-4% \/ 2 );margin-right: calc(-4% \/ 2 );\"><\/div><\/div>","protected":false},"excerpt":{"rendered":"","protected":false},"author":1,"featured_media":0,"parent":0,"menu_order":0,"comment_status":"closed","ping_status":"closed","template":"","meta":{"footnotes":""},"class_list":["post-2","page","type-page","status-publish","hentry"],"_links":{"self":[{"href":"https:\/\/brc-associes.fr\/index.php\/wp-json\/wp\/v2\/pages\/2","targetHints":{"allow":["GET"]}}],"collection":[{"href":"https:\/\/brc-associes.fr\/index.php\/wp-json\/wp\/v2\/pages"}],"about":[{"href":"https:\/\/brc-associes.fr\/index.php\/wp-json\/wp\/v2\/types\/page"}],"author":[{"embeddable":true,"href":"https:\/\/brc-associes.fr\/index.php\/wp-json\/wp\/v2\/users\/1"}],"replies":[{"embeddable":true,"href":"https:\/\/brc-associes.fr\/index.php\/wp-json\/wp\/v2\/comments?post=2"}],"version-history":[{"count":10,"href":"https:\/\/brc-associes.fr\/index.php\/wp-json\/wp\/v2\/pages\/2\/revisions"}],"predecessor-version":[{"id":1660,"href":"https:\/\/brc-associes.fr\/index.php\/wp-json\/wp\/v2\/pages\/2\/revisions\/1660"}],"wp:attachment":[{"href":"https:\/\/brc-associes.fr\/index.php\/wp-json\/wp\/v2\/media?parent=2"}],"curies":[{"name":"wp","href":"https:\/\/api.w.org\/{rel}","templated":true}]}}